 - 8448. Calculate the highest common divisor of 33 and c.
33
Suppose 0 = 6*u - u - 3*k - 483, -5*k = -5*u + 485. Let p = 963 + -723. What is the highest common factor of u and p?
48
Let u = -13512 + 13548. What is the greatest common factor of u and 156?
12
Let o = 45 - 33. Let h = o - 12. Suppose h = -r + 4*l + 19, -2*l - 49 = -4*r - 1. Calculate the greatest common factor of r and 99.
11
Let t = 395 - 45. Suppose -7*z = 7*z - t. Let j = -20 + z. What is the greatest common divisor of 2 and j?
1
Suppose 3*d - 6 = -0*d. Suppose -3*f = 2*h - d + 19, 5*f + 5 = 0. Let m(n) = 2*n + 28. Let x be m(h). Calculate the highest common divisor of 35 and x.
7
Let p = -1314 + 1315. What is the highest common divisor of p and 383?
1
Suppose -2*y + 4*m = -6368, -51*y + 54*y - 5*m = 9555. Calculate the highest common divisor of y and 66.
22
Let n = 6195 - 6149. Calculate the highest common factor of n and 69.
23
Let z = 2177 - 2171. What is the greatest common factor of 456 and z?
6
Let l(s) = s**3 - 2*s**2 - 3*s + 9. Let a be l(4). Let c = -25 + a. What is the highest common divisor of c and 1?
1
Let u be (-2)/(-47) + (-212814)/(-8883). What is the highest common divisor of 5442 and u?
6
Suppose -3*z + 149 = 5*d, -75 + 170 = 2*z - d. What is the greatest common factor of 372 and z?
12
Suppose -5*h = -j - 42, h - 3*j - 10 = 4. Suppose h*r = -38 - 642. Let o = 121 + r. What is the greatest common factor of 108 and o?
36
Suppose 208*o + 1914 = 237*o. What is the greatest common divisor of o and 891?
33
Suppose -809 + 152 = 3*f. Let z = -134 - f. Let m = -166 - -200. What is the greatest common factor of m and z?
17
Let t(c) = 4*c**2 - 113*c - 542. Let z be t(-5). Calculate the greatest common factor of 3 and z.
3
Let t(a) = 13*a**2 + 11*a - 64. Let q = -218 + 222. Let l be t(q). What is the greatest common factor of 47 and l?
47
Suppose -5*n - 4*b + b = -144, 2*n = -2*b + 60. Let r be 144 - 3*(-9)/n. Let g be (29/(-1))/(1/(-2)). Calculate the highest common divisor of r and g.
29
Let z be (-2)/67 - (-332760)/23718. Suppose 3*v + 5*j = 1, 6*v - 5*v = -5*j - 3. What is the highest common factor of z and v?
2
Suppose 22*t - 1170 = 1492. What is the greatest common divisor of t and 407?
11
Let u = -252 - -255. Let i(a) = 3*a**2 - 7*a + 11. Let m be i(u). What is the greatest common divisor of m and 289?
17
Let b = 606 + -484. Calculate the highest common factor of b and 18.
2
Suppose 0 = -2*r - 3*n + 278, -r + 99 = -4*n - 51. What is the greatest common factor of 28258 and r?
142
Suppose -11*s = 93*s - 8112. What is the greatest common factor of 2314 and s?
26
Let w be 8/(-36) + 1 + 929/9. Let s(q) = 7*q**3 - q**2 + q - 1. Let z be s(3). Calculate the greatest common factor of z and w.
26
Let v(u) = -9*u - 18. Let f be v(-8). Let o = -107 - -105. Let n be ((-8)/(-4))/(1*o) - -19. What is the greatest common factor of n and f?
18
Let m(s) = s + 5. Let j be m(-5). Suppose j = -11*z + 6*z. Suppose x = 4*u + 13, -u + 0*u - 1 = z. What is the greatest common divisor of x and 18?
9
Let h(r) = -63*r**2 - 59*r**2 - 15 + 9*r - r**3 + 125*r**2. Let n = 5 - 1. Let o be h(n). Calculate the highest common divisor of 35 and o.
5
Suppose t + 2*x = -98 + 90, -9 = 2*t + 3*x. What is the greatest common factor of 486 and t?
6
Suppose -3*q = 5*n - 105, 0 = 3*n - 2*n - 4*q - 21. Suppose 0 = -c, 0 = k + 4*c - 2*c - 7. What is the highest common factor of n and k?
7
Suppose 0 = -w - 5, -2*m - w - 74 = -303. Calculate the highest common divisor of 2691 and m.
117
Suppose 0 = 4*j + 2*x - 178, 137 = -17*j + 20*j + 5*x. Calculate the greatest common divisor of j and 2629.
11
Let b = 260 + -240. Let v be (4 + -3 - 4) + 48. Suppose -v = -a - 5. Calculate the greatest common divisor of a and b.
20
Let f = -3419 - -3470. Calculate the greatest common factor of f and 2686.
17
Let x(m) = -2*m**2 + 45*m + 492. Let z be x(30). What is the greatest common divisor of z and 56?
14
Let j be 4/5 + 451/55. Let g(l) = l + 146. Let v be g(0). Let r = v - 74. Calculate the greatest common factor of j and r.
9
Let f be (34/22 + -1 + 1281/1342)*6. Suppose -4*h + 4*w + 0*w + 92 = 0, 4*h + 2*w = 98. What is the greatest common divisor of h and f?
3
Let f be 5 + (-188)/(-8) + 1/(-2). Let m = f - 12. Suppose -6*y + 80 = -4*y. Calculate the greatest common factor of m and y.
8
Let l be (18 + -40703)*(-4)/10. What is the highest common factor of 158 and l?
158
Let j be (3/((-3)/2))/(17/(-34)). Suppose -15 = 5*q, q - 416 + 95 = -j*w. Let f = w - 73. Calculate the highest common divisor of 24 and f.
8
Let k = 53 - 49. Let z = -15 - -15. Suppose 3 = 3*s, -5*q = -z*q + 2*s - 42. What is the greatest common divisor of k and q?
4
Suppose 4*u - 719 = -3*g - 2*g, -g - 5*u = -127. Suppose -144*i = -g*i + 63. Calculate the highest common divisor of 210 and i.
21
Suppose 4*m - 5*m - 23 = -5*o, 3*m + 25 = 4*o. Suppose -x + 117 = o*r - 4*x, -160 = -5*r + x. Calculate the highest common divisor of r and 44.
11
Let o be 148/(-296)*14/(-1). Let b be 1390/6 + (-4)/6. What is the highest common divisor of o and b?
7
Let p(f) = f**2 - 18*f + 107. Let y be p(11). What is the highest common divisor of y and 16410?
30
Let t(s) = -51*s - 341. Let q be t(-7). What is the greatest common divisor of q and 72?
8
Suppose 20 + 8 = 2*n + 2*z, -5*z = 4*n - 58. Let q(t) = -394*t - 8254. Let i be q(-21). Calculate the highest common factor of n and i.
4
Let u(q) = 71*q + 10. Let i(l) = 36*l + 7. Let v(g) = -5*i(g) + 2*u(g). Let a be v(-5). Calculate the greatest common divisor of a and 35.
35
Let s = 11 - 9. Suppose s*y + 4 = 4*y. Suppose 0 = -i - 2*z + 24, -5*z - 57 = -i - 47. Calculate the highest common factor of i and y.
2
Let v(b) = -4*b**2 + 23*b + 39. Let d be v(7). Let u be 2/(-5) + (-8)/5. Let i be u*(d - (-58)/(-4)). Calculate the highest common divisor of 14 and i.
7
Suppose -1471*m + 1698*m = 6810. Let k = 12 - 17. Let d(i) = -i**2 - 6*i + 7. Let b be d(k). What is the highest common factor of b and m?
6
Let w(n) = -22*n - 1. Let g be w(-4). Suppose 5*t - 4*i - 180 = 3*t, t - i - g = 0. Suppose -t = -6*y + 3*y. Calculate the highest common factor of 84 and y.
28
Let r(q) = 482*q**2 + 102*q + 93. Let d be r(-1). Let g be 86/(-6)*(-9)/3. What is the greatest common factor of g and d?
43
Suppose 0 = l - 69 - 9. Let g(j) = 6*j + 12. Let t be g(3). What is the highest common factor of l and t?
6
Let f = 243 + -200. Suppose q - 109 + f = 0. What is the greatest common divisor of q and 22?
22
Let x(j) = j**3 + 30*j**2 - 23*j - 53. Let w be x(-30). What is the greatest common divisor of 245 and w?
49
Suppose -7991*b + 8001*b = 5070. What is the greatest common divisor of b and 416?
13
Let l = 4 + 12. Suppose 6*t + 4*b = 9*t, 9 = 3*t - b. Calculate the highest common divisor of t and l.
4
Suppose 0*j + 2*j - 6 = 0. Let z = 4397 - 4366. Calculate the greatest common divisor of z and j.
1
Suppose 2*f + o = 3*f - 54, -2*o = 4*f - 198. Let s = f - -66. Calculate the highest common factor of 9 and s.
9
Suppose -4*h = -i - 10, h - 16 = -4*h + 3*i. Let u be 1*0/(-2 - h). Suppose u*r + 2*t = r - 111, r + 2*t = 99. Calculate the highest common divisor of r and 21.
21
Let p(c) = c**2 - 6*c + 3. Let s be p(6). Suppose -6*d + 84 = -s*d. Calculate the greatest common factor of 224 and d.
28
Let i be 2277/(-6)*(-54 - -57)/((-3)/2). Calculate the greatest common divisor of i and 897.
69
Suppose 0 = 2*d + 13*p - 18*p - 714, 2*d - 4*p = 714. Calculate the highest common divisor of 105 and d.
21
Let u be (0 + -1)*44/(-1). Suppose 28*c + 3*d + 2749 = 30*c, 0 = -3*c + 5*d + 4127. What is the highest common factor of c and u?
44
Suppose -1548 = -71*u + 62*u. Suppose -94 - u = -7*o. Calculate the highest common divisor of 19 and o.
19
Let r be (-6)/(-4) - 1221/(-22). Suppose 3*y = -n - 2*n + r, 2*y = n + 44. What is the greatest common divisor of y and 3?
3
Let j be ((-2)/(-5))/(11/220). Suppose -2016 = j*h - 12*h. What is the highest common divisor of 56 and h?
56
Let o be 4/10 + (-572)/(-20). Let p(j) = -10*j - 30. Let r be p(-7). Suppose -2*k + r = -76. Calculate the greatest common divisor of k and o.
29
Suppose 0 = 2*i + 8*a - 72 + 28, -5*i + 87 = -3*a. What is the highest common divisor of i and 1413?
9
Let t(p) = 4*p**2 + 12*p - 98. Let f be t(7). Calcu